 = z. What is the highest common divisor of 44 and z?
22
Let l(d) = -d**3 - 2*d**2 - 3*d + 6. Let x be l(-5). Calculate the highest common factor of 12 and x.
12
Let q(i) = i**2 + 8*i + 9. Let r be q(-9). Calculate the greatest common divisor of 12 and r.
6
Let s(w) = w + 1. Let r be s(-1). Suppose -4*c + 3*c + 14 = r. Suppose 3*l - 141 = -36. Calculate the highest common divisor of l and c.
7
Let f(t) = 7*t**3 - t**2 + 3*t - 2. Let r be f(2). Suppose -d = d - q - 14, -28 = -4*d - 4*q. Calculate the highest common divisor of r and d.
7
Let o(l) = l**2 + 5*l + 5. Let n be o(4). Calculate the highest common factor of 205 and n.
41
Let k = 0 + 3. Suppose 3*b - 351 = k*x, -b - 2*x = -6*x - 117. What is the greatest common divisor of b and 13?
13
Let r(x) = -x**3 + 4*x**2 - 3*x + 3. Let l be r(3). Suppose -2*v + l*i + 56 = -49, v - 45 = 3*i. What is the greatest common divisor of v and 12?
12
Suppose -5*y - 28 = -3*y. Let d be (-8)/28 + (-690)/y. What is the greatest common divisor of 7 and d?
7
Let h(f) = f**3 - 5*f**2 + f + 2. Let o be h(5). Let k = o + -3. What is the highest common divisor of 10 and k?
2
Suppose 0 = -4*w - w + 3*f + 48, -4*w = -f - 37. Calculate the greatest common divisor of 36 and w.
9
Suppose -9*s + 693 = -0*s. Calculate the greatest common factor of 14 and s.
7
Suppose 4*t + 108 = 3*o, -2*o - 4*t = -o - 52. Suppose 2*f + 3*q - 39 = 0, -2*f + o = -2*q - 14. Calculate the greatest common factor of 16 and f.
8
Suppose o = 6*o - 15. Suppose -4*b = 3*c - 0*c - 89, -o*c + 5*b + 71 = 0. Calculate the highest common divisor of 18 and c.
9
Let w = -96 + 160. What is the highest common divisor of w and 8?
8
Suppose 0 = i - 4*i. Suppose 0 = -f - i*f + 9. Suppose 0 = 3*o - 1 - 2. Calculate the greatest common divisor of o and f.
1
Let a be 5*-1 + 2 + 26/1. What is the greatest common factor of 69 and a?
23
Let t = 96 + 2. What is the highest common divisor of t and 14?
14
Suppose 0 = -4*m - 2*m + 30. What is the highest common divisor of m and 35?
5
Let t(x) = -x**2 - 8*x - 11. Let m be t(-5). What is the highest common divisor of 10 and m?
2
Let y(u) = 2*u + 11. Let k be y(-3). Let q = 51 - 31. Calculate the greatest common factor of k and q.
5
Let u be 3/(-9) + 633/9. Let z be u/(-2)*12/(-10). Let q = 87 - z. What is the greatest common divisor of 9 and q?
9
Let u = 365 + -233. Let h = 16 - 4. Calculate the highest common divisor of h and u.
12
Let x = -67 - -43. Let z = x + 36. What is the greatest common factor of z and 18?
6
Suppose -6*m = -3*m - 9. Suppose -c = -5*n - 28, 3*c - 56 = -2*c - m*n. What is the greatest common divisor of c and 104?
13
Suppose 2*q - 35 = -3*i, -6*q + 92 = -q + 3*i. What is the highest common factor of 209 and q?
19
Let w = -5 + 8. Suppose 24 = w*y - 3*k, 2*y - 18 = 4*k - 0*k. Calculate the highest common factor of 63 and y.
7
Let h be -2*2 + 90/6. What is the greatest common factor of 44 and h?
11
Let n(p) = p**3 - 7*p**2 + 2*p + 6. Let d be n(7). Calculate the highest common factor of d and 5.
5
Suppose -72 = -2*f - f. Suppose 17 = -2*r + 135. Let g = -23 + r. Calculate the highest common divisor of f and g.
12
Suppose 0 = -2*s - 2*s + 20. What is the highest common divisor of 45 and s?
5
Let g(y) = y**3 + 14*y**2 - 20*y - 20. Let k be g(-15). Suppose c - s = 3, 0*s - 2 = -s. What is the greatest common divisor of c and k?
5
Suppose 0 = 4*p - 4, 3*p = -5*g - 5 + 343. Suppose -4*c = -3*k - g, -c - 3*k + 37 = 3*c. Calculate the greatest common factor of 26 and c.
13
Let t = 23 + -13. What is the greatest common divisor of 25 and t?
5
Suppose 0 = w - 19 - 6. Calculate the highest common divisor of w and 25.
25
Let w be (-1)/(-2)*(0 - 8). Let c be w/(-1 - 0) + -1. Let y(z) = -z**3 + 2*z**2 + 4*z. Let q be y(c). Calculate the highest common factor of 9 and q.
3
Let a(b) = -23*b + 2. Let r be a(-2). What is the greatest common divisor of r and 72?
24
Let q be (12 + (-3 - -5))*4. What is the greatest common factor of q and 8?
8
Let w(g) = 4*g - 1 + g**3 - 3 + 4*g - 6*g**2. Let j(a) = -4*a + 1. Let k be j(-1). Let z be w(k). What is the highest common divisor of 11 and z?
11
Suppose -5*p - 11 = u - p, 40 = 4*u - 5*p. What is the greatest common divisor of u and 15?
5
Suppose 4*s = -4*t + 60, -5*s + 45 = -t - 4*t. Calculate the highest common divisor of 3 and s.
3
Let u be (-1)/(38/(-12) + 3). What is the greatest common factor of u and 6?
6
Let o(p) = p**2 - p + 126. Let n be o(0). Suppose -n = -0*k - 3*k. Calculate the greatest common factor of 14 and k.
14
Let s = -29 + 59. Suppose j = 3*v + s, -65 = -5*j - 2*v - 0*v. What is the greatest common factor of j and 6?
3
Let b be ((-15)/10)/(1/(-16)). Let x(z) = z**2 + 6*z + 8. Let p = 4 + -10. Let h be x(p). Calculate the greatest common divisor of h and b.
8
Let y = 5 + -2. Let o(b) = b**2 + b - 5. Suppose -3 = 3*f - 15. Let z be o(f). Calculate the highest common divisor of y and z.
3
Suppose -s = s - 6. Let f = 16 + s. What is the greatest common factor of 76 and f?
19
Suppose -10*w + 10 = -9*w. Calculate the greatest common divisor of w and 90.
10
Let d be (1/(-3))/((-2)/90*1). What is the greatest common divisor of d and 195?
15
Suppose 0 = 3*h + 11 + 43. Let m be (h/((-6)/3))/1. Calculate the greatest common divisor of m and 9.
9
Let m be 3/(3/13)*1. What is the greatest common factor of 78 and m?
13
Suppose -6*g + 0*g + 168 = 0. Let y = -22 + g. Suppose s = -3*s + 36. Calculate the greatest common divisor of s and y.
3
Suppose -5*u + 37 = -28. Suppose 4*k = -12, 2*s = -3*s + 3*k - 1. Let z = 15 + s. What is the highest common divisor of u and z?
13
Suppose -5*o + 1 = -9. Let s be (-6)/(o - -1) + 3. Calculate the greatest common factor of 1 and s.
1
Let y(i) = i + 4. Let v be y(6). Let m(k) = k + 15. Let x be m(0). Calculate the greatest common factor of v and x.
5
Let w be 12 - -1*(-4 + 1). What is the highest common divisor of 9 and w?
9
Suppose -7*b + 8*b - 3 = 0. Let x be 33 + (4 - b)*0. What is the highest common factor of 11 and x?
11
Let x(p) = 15*p + 4. Suppose 2*d + 0 = -5*f + 3, -d + 4*f + 8 = 0. Let b be x(d). What is the greatest common factor of b and 16?
16
Let q(p) = 24*p**2 + p - 1. Let v be q(1). Calculate the highest common factor of 36 and v.
12
Let p = -68 - -116. Let d(f) = -f + 10. Let u be d(4). Calculate the highest common divisor of p and u.
6
Suppose 0 = -2*z + 3*z - 69. Let h be (-24)/(-1) + (-1)/4*4. What is the highest common divisor of z and h?
23
Suppose -12 = 4*t + 4*k, 10 = -k - k. Suppose -t*f + 90 = -0*f. Calculate the greatest common divisor of f and 15.
15
Let z(g) = g**2 - 4*g. Let r be z(5). Let j be (r + -3)*1*8. What is the greatest common factor of j and 144?
16
Suppose 0*t + 123 = 3*t. Let s = t - 23. What is the greatest common factor of 6 and s?
6
Suppose 3*h + 3*g - 255 = 0, -2*h - 3*h + 425 = -5*g. Suppose -22 = -k - 4*p, -2*p + 6*p = 5*k - 182. What is the highest common factor of k and h?
17
Let v(f) = -f**3 + 4*f + 6. Suppose 2*g = 6 - 0. Suppose 2*i - 8 = 2*x - 0, -4*x - 16 = g*i. Let k be v(x). Calculate the highest common divisor of 9 and k.
9
Let t be (-1038)/8 - (-1)/(-4). Let j be (-1)/2 - t/4. Suppose 3*l = 4*u + 48, -80 = -6*l + l - 5*u. Calculate the greatest common factor of j and l.
16
Let a = -13 + 21. Let q(b) = -b**3 + 6*b**2 - 2*b + 6. Let d be q(6). Let t = d + a. What is the greatest common divisor of 18 and t?
2
Suppose -6*o + 80 = -o. Calculate the highest common divisor of 64 and o.
16
Let d(h) = -h + 4 + 0*h - 1. Let o(p) = -7*p - 1. Let r be o(1). Let m be d(r). What is the highest common factor of m and 99?
11
Let r(t) = -29*t - 4. Let a(z) = 14*z + 2. Let j(u) = -13*a(u) - 6*r(u). Let b be j(-4). Calculate the highest common divisor of 10 and b.
10
Let r(t) = 3*t**3 - 4*t**2 - t - 2. Let k be r(3). Let c = -30 - -50. What is the highest common divisor of c and k?
20
Suppose 0 = 5*b + 187 + 253. Let f = b - -163. Calculate the greatest common factor of 15 and f.
15
Let q be -3*(2 - -15 - 1). Let s = 83 + q. Calculate the highest common divisor of 5 and s.
5
Suppose 2 = -o + 7. Suppose -2*c + 17 = 2*f - o, 4*f + c = 53. Calculate the greatest common divisor of f and 42.
14
Let n(m) = -13*m + 1. Let a(l) = l. Let u(h) = 4*a(h) + n(h). Let x be u(-2). What is the highest common div